 highest common factor of 469620 and 180?
180
Calculate the greatest common factor of 2461 and 42907.
107
Calculate the greatest common factor of 9519 and 38.
19
Calculate the highest common divisor of 264 and 7953.
33
Calculate the highest common divisor of 69220 and 380.
20
What is the highest common factor of 101192 and 1820?
364
Calculate the greatest common divisor of 802 and 1185757.
401
Calculate the highest common factor of 340 and 20570.
170
Calculate the highest common factor of 5817 and 44043.
831
Calculate the greatest common factor of 4 and 56022.
2
What is the highest common factor of 14 and 49791?
7
What is the greatest common divisor of 79326 and 324?
54
What is the greatest common factor of 658 and 6117426?
658
Calculate the greatest common factor of 14111 and 19043.
137
Calculate the greatest common factor of 8 and 3569848.
8
Calculate the highest common factor of 3287 and 2774.
19
What is the highest common factor of 6405 and 11235?
105
What is the greatest common divisor of 37455 and 22?
11
What is the highest common factor of 4461756 and 773?
773
What is the greatest common divisor of 30 and 3210?
30
What is the highest common factor of 405 and 3827979?
81
What is the greatest common divisor of 3135 and 6180?
15
Calculate the greatest common factor of 182 and 9334.
26
Calculate the highest common divisor of 2084309 and 305.
61
What is the highest common factor of 16289 and 728?
91
What is the highest common divisor of 82680 and 1080?
120
Calculate the greatest common factor of 1608 and 61305.
201
What is the greatest common divisor of 290269 and 7?
7
What is the highest common factor of 75151 and 669?
223
What is the highest common divisor of 56 and 37688?
56
What is the greatest common factor of 265932 and 144?
36
Calculate the highest common divisor of 244810 and 80.
10
What is the greatest common divisor of 12288 and 38784?
384
Calculate the greatest common factor of 1236199 and 8983.
691
Calculate the highest common divisor of 5 and 38585.
5
What is the highest common factor of 3904 and 256?
64
What is the highest common divisor of 222 and 1010?
2
What is the greatest common divisor of 592506 and 306?
18
Calculate the greatest common factor of 5694 and 2418.
78
What is the highest common factor of 50 and 55750?
50
Calculate the highest common divisor of 197568 and 1656.
72
Calculate the greatest common factor of 93625 and 104125.
875
Calculate the highest common factor of 1649 and 9469.
17
What is the greatest common divisor of 18941 and 1131?
13
Calculate the greatest common divisor of 2098073 and 101.
101
Calculate the highest common divisor of 182 and 729246.
14
What is the highest common factor of 101964 and 6612?
348
Calculate the highest common factor of 42 and 3682.
14
What is the highest common factor of 72 and 320472?
72
What is the highest common factor of 74 and 163281?
37
Calculate the greatest common divisor of 150 and 61150.
50
Calculate the highest common divisor of 136331 and 13.
13
Calculate the greatest common factor of 141796 and 4.
4
Calculate the highest common factor of 472 and 1200532.
236
Calculate the highest common divisor of 2125 and 4048550.
425
Calculate the greatest common factor of 1026 and 333602.
38
Calculate the greatest common divisor of 81747 and 558.
279
What is the greatest common factor of 6887 and 781?
71
What is the highest common divisor of 14079132 and 636?
636
What is the highest common divisor of 64770 and 114?
6
Calculate the highest common factor of 3026 and 72802.
178
What is the greatest common divisor of 281588 and 17?
17
Calculate the highest common factor of 15468 and 96.
12
What is the highest common factor of 3740 and 3060?
340
What is the highest common factor of 2 and 5001?
1
What is the greatest common factor of 9900 and 7725?
75
What is the highest common divisor of 2354 and 963?
107
What is the greatest common divisor of 34604 and 59204?
164
Calculate the highest common factor of 4529910 and 583.
583
What is the highest common divisor of 1716 and 10?
2
What is the highest common divisor of 12056 and 356200?
1096
What is the greatest common factor of 291 and 81189?
291
Calculate the highest common divisor of 86072 and 6776.
56
What is the highest common divisor of 101925 and 27?
27
What is the highest common factor of 1476 and 150183?
369
What is the highest common divisor of 3313348 and 53?
53
Calculate the highest common factor of 6523 and 319.
11
Calculate the greatest common factor of 1859 and 3042.
169
Calculate the greatest common factor of 4215 and 245.
5
What is the highest common factor of 618838 and 368?
46
Calculate the highest common factor of 911 and 6858919.
911
What is the highest common factor of 2193 and 2436423?
2193
What is the greatest common factor of 4729925 and 137?
137
What is the greatest common factor of 5700 and 5244?
228
What is the highest common divisor of 6836 and 51?
1
What is the greatest common factor of 1065 and 10525395?
1065
Calculate the greatest common divisor of 13 and 612911.
13
Calculate the greatest common divisor of 1675 and 2613.
67
What is the highest common factor of 24790 and 10?
10
Calculate the greatest common divisor of 2040 and 4488.
408
Calculate the greatest common divisor of 1198 and 5514.
2
What is the greatest common divisor of 77 and 91847?
7
Calculate the highest common divisor of 110 and 20504.
22
What is the highest common divisor of 428967 and 924?
231
What is the highest common divisor of 104 and 203398?
26
Calculate the greatest common divisor of 2951 and 7037.
227
Calculate the highest common factor of 508 and 4659376.
508
Calculate the highest common divisor of 778 and 1609682.
778
Calculate the greatest common factor of 378 and 1200318.
42
What is the highest common factor of 360 and 369480?
120
Calculate the greatest common factor of 9633 and 41781.
57
What is the highest common divisor of 315 and 14616?
63
Calculate the highest common factor of 60681 and 24747.
339
What is the greatest common factor of 8 and 40168?
8
Calculate the highest common factor of 451 and 1496.
11
Calculate the greatest common divisor of 2190 and 252507.
219
Calculate the highest common divisor of 35 and 7022995.
35
Calculate the greatest common factor of 106 and 83051.
53
What is the highest common divisor of 3879711 and 1188?
297
What is the highest common divisor of 70816 and 80?
16
Calculate the highest common factor of 171 and 26657.
19
Calculate the highest common divisor of 9200808 and 272.
136
Calculate the highest common factor of 5940 and 55620.
540
Calculate the highest common divisor of 183 and 5550.
3
What is the highest common factor of 414 and 1369098?
414
Calculate the greatest common divisor of 1566713 and 337.
337
Calculate the greatest common factor of 80874 and 3510.
18
What is the greatest common factor of 38 and 138680?
2
Calculate the greatest common divisor of 20167 and 17458.
301
What is the highest common divisor of 5688 and 62805?
237
What is the highest common factor of 2300 and 12929450?
1150
Calculate the highest common divisor of 1375 and 199650.
275
What is the greatest common factor of 1892 and 660?
44
What is the greatest common factor of 3248 and 168?
56
Calculate the highest common factor of 226 and 639467.
113
What is the highest common factor of 71446 and 1028?
514
Calculate the greatest common divisor of 551404 and 1222.
94
Calculate the highest common divisor of 1117 and 15.
1
Calculate the greatest common divisor of 86673 and 173.
173
Calculate the greatest common divisor of 425 and 18955.
85
What is the highest common factor of 665 and 215?
5
What is the greatest common divisor of 270 and 24460?
10
What is the highest common factor of 65 and 331565?
65
Calculate the greatest common factor of 120174 and 6.
6
What is the highest common factor of 9158 and 8194?
482
Calculate the greatest common factor of 47850 and 30.
30
Calculate the greatest common factor of 1316 and 388.
4
What is the highest common divisor of 1494 and 450?
18
Calculate the highest common factor of 1411 and 425561.
17
What is the greatest common factor of 33885 and 3514?
251
Calculate the greatest common factor of 1334 and 1194597.
667
What is the highest common factor of 356504 and 8?
8
What is the greates